{"id":57,"date":"2020-04-03T18:54:58","date_gmt":"2020-04-03T16:54:58","guid":{"rendered":"https:\/\/umanaloggia.it\/ungheria\/?page_id=57"},"modified":"2020-12-09T20:16:03","modified_gmt":"2020-12-09T19:16:03","slug":"tanusitvanyok","status":"publish","type":"page","link":"https:\/\/umanaloggia.it\/ungheria\/tanusitvanyok\/","title":{"rendered":"Tanus\u00edtv\u00e1nyok"},"content":{"rendered":"\t\t<div data-elementor-type=\"wp-page\" data-elementor-id=\"57\" class=\"elementor elementor-57\">\n\t\t\t\t\t\t<section class=\"elementor-section elementor-top-section elementor-element elementor-element-f220806 elementor-section-stretched elementor-section-full_width elementor-section-height-default elementor-section-height-default\" data-id=\"f220806\" data-element_type=\"section\" data-settings=\"{&quot;stretch_section&quot;:&quot;section-stretched&quot;}\">\n\t\t\t\t\t\t<div class=\"elementor-container elementor-column-gap-default\">\n\t\t\t\t\t<div class=\"elementor-column elementor-col-100 elementor-top-column elementor-element elementor-element-b6c9790\" data-id=\"b6c9790\" data-element_type=\"column\">\n\t\t\t<div class=\"elementor-widget-wrap elementor-element-populated\">\n\t\t\t\t\t\t<div class=\"elementor-element elementor-element-f7a5962 elementor-widget elementor-widget-slides\" data-id=\"f7a5962\" data-element_type=\"widget\" data-widget_type=\"slides.default\">\n\t\t\t\t<div class=\"elementor-widget-container\">\n\t\t\t\t\t \t\t\t\t<\/div>\n\t\t\t\t<\/div>\n\t\t\t\t\t<\/div>\n\t\t<\/div>\n\t\t\t\t\t<\/div>\n\t\t<\/section>\n\t\t\t\t<section class=\"elementor-section elementor-top-section elementor-element elementor-element-8ea4044 elementor-section-stretched elementor-section-full_width elementor-section-height-default elementor-section-height-default\" data-id=\"8ea4044\" data-element_type=\"section\" data-settings=\"{&quot;stretch_section&quot;:&quot;section-stretched&quot;}\">\n\t\t\t\t\t\t<div class=\"elementor-container elementor-column-gap-default\">\n\t\t\t\t\t<div class=\"elementor-column elementor-col-100 elementor-top-column elementor-element elementor-element-c161a33\" data-id=\"c161a33\" data-element_type=\"column\">\n\t\t\t<div class=\"elementor-widget-wrap elementor-element-populated\">\n\t\t\t\t\t\t<div class=\"elementor-element elementor-element-eb02c4e elementor-align-center elementor-icon-list--layout-traditional elementor-list-item-link-full_width elementor-widget elementor-widget-icon-list\" data-id=\"eb02c4e\" data-element_type=\"widget\" data-widget_type=\"icon-list.default\">\n\t\t\t\t<div class=\"elementor-widget-container\">\n\t\t\t\t\t\t\t<ul class=\"elementor-icon-list-items\">\n\t\t\t\t\t\t\t<li class=\"elementor-icon-list-item\">\n\t\t\t\t\t\t\t\t\t\t\t<a href=\"https:\/\/umanaloggia.it\/ungheria\/wp-content\/uploads\/2020\/12\/hun_umana_SARS-CoV-2_tanusitvany.pdf\" target=\"_blank\">\n\n\t\t\t\t\t\t\t\t\t\t\t\t<span class=\"elementor-icon-list-icon\">\n\t\t\t\t\t\t\t<i aria-hidden=\"true\" class=\"fas fa-certificate\"><\/i>\t\t\t\t\t\t<\/span>\n\t\t\t\t\t\t\t\t\t\t<span class=\"elementor-icon-list-text\">SARS COVID tanus\u00edtv\u00e1ny<\/span>\n\t\t\t\t\t\t\t\t\t\t\t<\/a>\n\t\t\t\t\t\t\t\t\t<\/li>\n\t\t\t\t\t\t\t\t<li class=\"elementor-icon-list-item\">\n\t\t\t\t\t\t\t\t\t\t\t<a href=\"https:\/\/umanaloggia.it\/ungheria\/wp-content\/uploads\/2020\/12\/hun_umana_tanusitvany.pdf\" target=\"_blank\">\n\n\t\t\t\t\t\t\t\t\t\t\t\t<span class=\"elementor-icon-list-icon\">\n\t\t\t\t\t\t\t<i aria-hidden=\"true\" class=\"fas fa-tint\"><\/i>\t\t\t\t\t\t<\/span>\n\t\t\t\t\t\t\t\t\t\t<span class=\"elementor-icon-list-text\">Umana Tanus\u00edtv\u00e1ny<\/span>\n\t\t\t\t\t\t\t\t\t\t\t<\/a>\n\t\t\t\t\t\t\t\t\t<\/li>\n\t\t\t\t\t\t\t\t<li class=\"elementor-icon-list-item\">\n\t\t\t\t\t\t\t\t\t\t\t<a href=\"https:\/\/umanaloggia.it\/ungheria\/wp-content\/uploads\/2020\/12\/hun_umana_muszaki_adatlap.pdf\" target=\"_blank\">\n\n\t\t\t\t\t\t\t\t\t\t\t\t<span class=\"elementor-icon-list-icon\">\n\t\t\t\t\t\t\t<i aria-hidden=\"true\" class=\"fas fa-scroll\"><\/i>\t\t\t\t\t\t<\/span>\n\t\t\t\t\t\t\t\t\t\t<span class=\"elementor-icon-list-text\">M\u0171szaki adatlap<\/span>\n\t\t\t\t\t\t\t\t\t\t\t<\/a>\n\t\t\t\t\t\t\t\t\t<\/li>\n\t\t\t\t\t\t<\/ul>\n\t\t\t\t\t\t<\/div>\n\t\t\t\t<\/div>\n\t\t\t\t\t<\/div>\n\t\t<\/div>\n\t\t\t\t\t<\/div>\n\t\t<\/section>\n\t\t\t\t<section class=\"elementor-section elementor-top-section elementor-element elementor-element-ec2a647 elementor-section-boxed elementor-section-height-default elementor-section-height-default\" data-id=\"ec2a647\" data-element_type=\"section\">\n\t\t\t\t\t\t<div class=\"elementor-container elementor-column-gap-default\">\n\t\t\t\t\t<div class=\"elementor-column elementor-col-100 elementor-top-column elementor-element elementor-element-159db78\" data-id=\"159db78\" data-element_type=\"column\">\n\t\t\t<div class=\"elementor-widget-wrap elementor-element-populated\">\n\t\t\t\t\t\t<div class=\"elementor-element elementor-element-9bb2a01 elementor-widget elementor-widget-spacer\" data-id=\"9bb2a01\" data-element_type=\"widget\" data-widget_type=\"spacer.default\">\n\t\t\t\t<div class=\"elementor-widget-container\">\n\t\t\t\t\t\t\t<div class=\"elementor-spacer\">\n\t\t\t<div class=\"elementor-spacer-inner\"><\/div>\n\t\t<\/div>\n\t\t\t\t\t\t<\/div>\n\t\t\t\t<\/div>\n\t\t\t\t\t<\/div>\n\t\t<\/div>\n\t\t\t\t\t<\/div>\n\t\t<\/section>\n\t\t\t\t<section class=\"elementor-section elementor-top-section elementor-element elementor-element-f473d38 elementor-section-stretched elementor-section-full_width elementor-section-height-default elementor-section-height-default\" data-id=\"f473d38\" data-element_type=\"section\" data-settings=\"{&quot;stretch_section&quot;:&quot;section-stretched&quot;}\">\n\t\t\t\t\t\t<div class=\"elementor-container elementor-column-gap-default\">\n\t\t\t\t\t<div class=\"elementor-column elementor-col-100 elementor-top-column elementor-element elementor-element-80a3d11\" data-id=\"80a3d11\" data-element_type=\"column\">\n\t\t\t<div class=\"elementor-widget-wrap elementor-element-populated\">\n\t\t\t\t\t\t<div class=\"elementor-element elementor-element-6738363 elementor-align-center elementor-icon-list--layout-traditional elementor-list-item-link-full_width elementor-widget elementor-widget-icon-list\" data-id=\"6738363\" data-element_type=\"widget\" data-widget_type=\"icon-list.default\">\n\t\t\t\t<div class=\"elementor-widget-container\">\n\t\t\t\t\t\t\t<ul class=\"elementor-icon-list-items\">\n\t\t\t\t\t\t\t<li class=\"elementor-icon-list-item\">\n\t\t\t\t\t\t\t\t\t\t\t<a href=\"https:\/\/umanaloggia.it\/ungheria\/wp-content\/uploads\/2020\/12\/hun_umana_vizsgalati_jelentes.pdf\" target=\"_blank\">\n\n\t\t\t\t\t\t\t\t\t\t\t\t<span class=\"elementor-icon-list-icon\">\n\t\t\t\t\t\t\t<i aria-hidden=\"true\" class=\"fab fa-react\"><\/i>\t\t\t\t\t\t<\/span>\n\t\t\t\t\t\t\t\t\t\t<span class=\"elementor-icon-list-text\">Vizsg\u00e1lati jelent\u00e9s<\/span>\n\t\t\t\t\t\t\t\t\t\t\t<\/a>\n\t\t\t\t\t\t\t\t\t<\/li>\n\t\t\t\t\t\t\t\t<li class=\"elementor-icon-list-item\">\n\t\t\t\t\t\t\t\t\t\t\t<a href=\"https:\/\/umanaloggia.it\/ungheria\/wp-content\/uploads\/2020\/12\/hun_umana_biztonsagi_adatlap.pdf\" target=\"_blank\">\n\n\t\t\t\t\t\t\t\t\t\t\t\t<span class=\"elementor-icon-list-icon\">\n\t\t\t\t\t\t\t<i aria-hidden=\"true\" class=\"fas fa-check-square\"><\/i>\t\t\t\t\t\t<\/span>\n\t\t\t\t\t\t\t\t\t\t<span class=\"elementor-icon-list-text\">Biztons\u00e1gi adatlap<\/span>\n\t\t\t\t\t\t\t\t\t\t\t<\/a>\n\t\t\t\t\t\t\t\t\t<\/li>\n\t\t\t\t\t\t<\/ul>\n\t\t\t\t\t\t<\/div>\n\t\t\t\t<\/div>\n\t\t\t\t<div class=\"elementor-element elementor-element-3a1bfb2 elementor-widget elementor-widget-spacer\" data-id=\"3a1bfb2\" data-element_type=\"widget\" data-widget_type=\"spacer.default\">\n\t\t\t\t<div class=\"elementor-widget-container\">\n\t\t\t\t\t\t\t<div class=\"elementor-spacer\">\n\t\t\t<div class=\"elementor-spacer-inner\"><\/div>\n\t\t<\/div>\n\t\t\t\t\t\t<\/div>\n\t\t\t\t<\/div>\n\t\t\t\t\t<\/div>\n\t\t<\/div>\n\t\t\t\t\t<\/div>\n\t\t<\/section>\n\t\t\t\t<\/div>\n\t\t","protected":false},"excerpt":{"rendered":"<p>Biztons\u00e1gi adatlapB\u0151vebbenUmana vizsg\u00e1lati jelent\u00e9sB\u0151vebbenM\u0171szaki adatlapB\u0151vebben Precedente Successivo SARS COVID tanus\u00edtv\u00e1ny Umana Tanus\u00edtv\u00e1ny M\u0171szaki adatlap Vizsg\u00e1lati jelent\u00e9s Biztons\u00e1gi adatlap<\/p>\n","protected":false},"author":1,"featured_media":0,"parent":0,"menu_order":0,"comment_status":"closed","ping_status":"closed","template":"","meta":{"footnotes":""},"class_list":["post-57","page","type-page","status-publish","hentry"],"yoast_head":"<!-- This site is optimized with the Yoast SEO plugin v24.6 - https:\/\/yoast.com\/wordpress\/plugins\/seo\/ -->\n<title>Tanus\u00edtv\u00e1nyok - UMANA<\/title>\n<meta name=\"robots\" content=\"index, follow, max-snippet:-1, max-image-preview:large, max-video-preview:-1\" \/>\n<link rel=\"canonical\" href=\"https:\/\/umanaloggia.it\/ungheria\/tanusitvanyok\/\" \/>\n<meta property=\"og:locale\" content=\"it_IT\" \/>\n<meta property=\"og:type\" content=\"article\" \/>\n<meta property=\"og:title\" content=\"Tanus\u00edtv\u00e1nyok - UMANA\" \/>\n<meta property=\"og:description\" content=\"Biztons\u00e1gi adatlapB\u0151vebbenUmana vizsg\u00e1lati jelent\u00e9sB\u0151vebbenM\u0171szaki adatlapB\u0151vebben Precedente Successivo SARS COVID tanus\u00edtv\u00e1ny Umana Tanus\u00edtv\u00e1ny M\u0171szaki adatlap Vizsg\u00e1lati jelent\u00e9s Biztons\u00e1gi adatlap\" \/>\n<meta property=\"og:url\" content=\"https:\/\/umanaloggia.it\/ungheria\/tanusitvanyok\/\" \/>\n<meta property=\"og:site_name\" content=\"UMANA\" \/>\n<meta property=\"article:modified_time\" content=\"2020-12-09T19:16:03+00:00\" \/>\n<meta name=\"twitter:card\" content=\"summary_large_image\" \/>\n<script type=\"application\/ld+json\" class=\"yoast-schema-graph\">{\"@context\":\"https:\/\/schema.org\",\"@graph\":[{\"@type\":\"WebPage\",\"@id\":\"https:\/\/umanaloggia.it\/ungheria\/tanusitvanyok\/\",\"url\":\"https:\/\/umanaloggia.it\/ungheria\/tanusitvanyok\/\",\"name\":\"Tanus\u00edtv\u00e1nyok - UMANA\",\"isPartOf\":{\"@id\":\"https:\/\/umanaloggia.it\/ungheria\/#website\"},\"datePublished\":\"2020-04-03T16:54:58+00:00\",\"dateModified\":\"2020-12-09T19:16:03+00:00\",\"breadcrumb\":{\"@id\":\"https:\/\/umanaloggia.it\/ungheria\/tanusitvanyok\/#breadcrumb\"},\"inLanguage\":\"it-IT\",\"potentialAction\":[{\"@type\":\"ReadAction\",\"target\":[\"https:\/\/umanaloggia.it\/ungheria\/tanusitvanyok\/\"]}]},{\"@type\":\"BreadcrumbList\",\"@id\":\"https:\/\/umanaloggia.it\/ungheria\/tanusitvanyok\/#breadcrumb\",\"itemListElement\":[{\"@type\":\"ListItem\",\"position\":1,\"name\":\"Home\",\"item\":\"https:\/\/umanaloggia.it\/ungheria\/\"},{\"@type\":\"ListItem\",\"position\":2,\"name\":\"Tanus\u00edtv\u00e1nyok\"}]},{\"@type\":\"WebSite\",\"@id\":\"https:\/\/umanaloggia.it\/ungheria\/#website\",\"url\":\"https:\/\/umanaloggia.it\/ungheria\/\",\"name\":\"UMANA\",\"description\":\"Tiszta leveg\u0151 az otthonodban\",\"publisher\":{\"@id\":\"https:\/\/umanaloggia.it\/ungheria\/#organization\"},\"potentialAction\":[{\"@type\":\"SearchAction\",\"target\":{\"@type\":\"EntryPoint\",\"urlTemplate\":\"https:\/\/umanaloggia.it\/ungheria\/?s={search_term_string}\"},\"query-input\":{\"@type\":\"PropertyValueSpecification\",\"valueRequired\":true,\"valueName\":\"search_term_string\"}}],\"inLanguage\":\"it-IT\"},{\"@type\":\"Organization\",\"@id\":\"https:\/\/umanaloggia.it\/ungheria\/#organization\",\"name\":\"UMANA\",\"url\":\"https:\/\/umanaloggia.it\/ungheria\/\",\"logo\":{\"@type\":\"ImageObject\",\"inLanguage\":\"it-IT\",\"@id\":\"https:\/\/umanaloggia.it\/ungheria\/#\/schema\/logo\/image\/\",\"url\":\"https:\/\/umanaloggia.it\/ungheria\/wp-content\/uploads\/2020\/04\/cropped-logo_UMANA_Bianco.png\",\"contentUrl\":\"https:\/\/umanaloggia.it\/ungheria\/wp-content\/uploads\/2020\/04\/cropped-logo_UMANA_Bianco.png\",\"width\":1888,\"height\":250,\"caption\":\"UMANA\"},\"image\":{\"@id\":\"https:\/\/umanaloggia.it\/ungheria\/#\/schema\/logo\/image\/\"}}]}<\/script>\n<!-- \/ Yoast SEO plugin. -->","yoast_head_json":{"title":"Tanus\u00edtv\u00e1nyok - UMANA","robots":{"index":"index","follow":"follow","max-snippet":"max-snippet:-1","max-image-preview":"max-image-preview:large","max-video-preview":"max-video-preview:-1"},"canonical":"https:\/\/umanaloggia.it\/ungheria\/tanusitvanyok\/","og_locale":"it_IT","og_type":"article","og_title":"Tanus\u00edtv\u00e1nyok - UMANA","og_description":"Biztons\u00e1gi adatlapB\u0151vebbenUmana vizsg\u00e1lati jelent\u00e9sB\u0151vebbenM\u0171szaki adatlapB\u0151vebben Precedente Successivo SARS COVID tanus\u00edtv\u00e1ny Umana Tanus\u00edtv\u00e1ny M\u0171szaki adatlap Vizsg\u00e1lati jelent\u00e9s Biztons\u00e1gi adatlap","og_url":"https:\/\/umanaloggia.it\/ungheria\/tanusitvanyok\/","og_site_name":"UMANA","article_modified_time":"2020-12-09T19:16:03+00:00","twitter_card":"summary_large_image","schema":{"@context":"https:\/\/schema.org","@graph":[{"@type":"WebPage","@id":"https:\/\/umanaloggia.it\/ungheria\/tanusitvanyok\/","url":"https:\/\/umanaloggia.it\/ungheria\/tanusitvanyok\/","name":"Tanus\u00edtv\u00e1nyok - UMANA","isPartOf":{"@id":"https:\/\/umanaloggia.it\/ungheria\/#website"},"datePublished":"2020-04-03T16:54:58+00:00","dateModified":"2020-12-09T19:16:03+00:00","breadcrumb":{"@id":"https:\/\/umanaloggia.it\/ungheria\/tanusitvanyok\/#breadcrumb"},"inLanguage":"it-IT","potentialAction":[{"@type":"ReadAction","target":["https:\/\/umanaloggia.it\/ungheria\/tanusitvanyok\/"]}]},{"@type":"BreadcrumbList","@id":"https:\/\/umanaloggia.it\/ungheria\/tanusitvanyok\/#breadcrumb","itemListElement":[{"@type":"ListItem","position":1,"name":"Home","item":"https:\/\/umanaloggia.it\/ungheria\/"},{"@type":"ListItem","position":2,"name":"Tanus\u00edtv\u00e1nyok"}]},{"@type":"WebSite","@id":"https:\/\/umanaloggia.it\/ungheria\/#website","url":"https:\/\/umanaloggia.it\/ungheria\/","name":"UMANA","description":"Tiszta leveg\u0151 az otthonodban","publisher":{"@id":"https:\/\/umanaloggia.it\/ungheria\/#organization"},"potentialAction":[{"@type":"SearchAction","target":{"@type":"EntryPoint","urlTemplate":"https:\/\/umanaloggia.it\/ungheria\/?s={search_term_string}"},"query-input":{"@type":"PropertyValueSpecification","valueRequired":true,"valueName":"search_term_string"}}],"inLanguage":"it-IT"},{"@type":"Organization","@id":"https:\/\/umanaloggia.it\/ungheria\/#organization","name":"UMANA","url":"https:\/\/umanaloggia.it\/ungheria\/","logo":{"@type":"ImageObject","inLanguage":"it-IT","@id":"https:\/\/umanaloggia.it\/ungheria\/#\/schema\/logo\/image\/","url":"https:\/\/umanaloggia.it\/ungheria\/wp-content\/uploads\/2020\/04\/cropped-logo_UMANA_Bianco.png","contentUrl":"https:\/\/umanaloggia.it\/ungheria\/wp-content\/uploads\/2020\/04\/cropped-logo_UMANA_Bianco.png","width":1888,"height":250,"caption":"UMANA"},"image":{"@id":"https:\/\/umanaloggia.it\/ungheria\/#\/schema\/logo\/image\/"}}]}},"_links":{"self":[{"href":"https:\/\/umanaloggia.it\/ungheria\/wp-json\/wp\/v2\/pages\/57","targetHints":{"allow":["GET"]}}],"collection":[{"href":"https:\/\/umanaloggia.it\/ungheria\/wp-json\/wp\/v2\/pages"}],"about":[{"href":"https:\/\/umanaloggia.it\/ungheria\/wp-json\/wp\/v2\/types\/page"}],"author":[{"embeddable":true,"href":"https:\/\/umanaloggia.it\/ungheria\/wp-json\/wp\/v2\/users\/1"}],"replies":[{"embeddable":true,"href":"https:\/\/umanaloggia.it\/ungheria\/wp-json\/wp\/v2\/comments?post=57"}],"version-history":[{"count":55,"href":"https:\/\/umanaloggia.it\/ungheria\/wp-json\/wp\/v2\/pages\/57\/revisions"}],"predecessor-version":[{"id":1903,"href":"https:\/\/umanaloggia.it\/ungheria\/wp-json\/wp\/v2\/pages\/57\/revisions\/1903"}],"wp:attachment":[{"href":"https:\/\/umanaloggia.it\/ungheria\/wp-json\/wp\/v2\/media?parent=57"}],"curies":[{"name":"wp","href":"https:\/\/api.w.org\/{rel}","templated":true}]}}